13*c. Determine r(h).
-3
Let j(r) = r**3 + 8*r**2 - r - 5. Let z(a) = -a**2 - 2*a + 5. Let i be z(-4). Let x(w) = 3*w**3 + 23*w**2 - 3*w - 14. Let g(o) = i*x(o) + 8*j(o). What is g(-5)?
-3
Let l(k) = 4*k. Let d(t) = t + 1. Let o(v) = -2*d(v) - l(v). Let w(m) = 5*m + 2. Let x(y) = 3*o(y) + 4*w(y). Give x(-2).
-2
Let d be (4/(-16))/(15/(-20) + 0). Let r(j) be the second derivative of 0 - 4*j + 3/2*j**2 - d*j**3. Determine r(-5).
13
Let m(h) = -h - 1. Let i = -4 + 5. Let f be 27/9 + (i - 0). Give m(f).
-5
Let p(k) be the first derivative of -k**3/3 - k**2/2 + 7*k - 36. Let x(w) = w - 6. Let l be x(6). Determine p(l).
7
Suppose 0 = -3*s + 2*s - 5, 2*u + s = 11. Let f(k) = k - 2. What is f(u)?
6
Let y(n) = -n - 2. Let s be (-17 - -13)*(-10)/8. Suppose -8 = s*v - 3*v. Give y(v).
2
Let p(s) = 14*s**2 + 4*s - 1. Let x(w) = -73*w**2 - 21*w + 4. Let a(j) = 11*p(j) + 2*x(j). Determine a(1).
7
Let f(v) = 5*v**2 + v**2 - 839*v**3 - 7 + 838*v**3 + 5*v. Calculate f(7).
-21
Let q = -29 + 15. Suppose 52 = -2*i - 2*i. Let p = i - q. Let z(w) = -2*w**3 - 2*w**2 + 2*w - 1. Determine z(p).
-3
Let y(c) = c**2 - 6*c - 9. Let z be y(6). Let q(s) = 2*s + 4. Determine q(z).
-14
Let v(b) = 4*b**2 + 12*b + 9. Let q be v(-5). Suppose 2*o = 6*o - 5*l + q, -3*l = -15. Let x(h) = h + 9. Calculate x(o).
3
Let j(n) be the third derivative of n**5/60 - 23*n**3/6 - 785*n**2. Calculate j(0).
-23
Let g(s) = -s**2 + 4*s + 11. Suppose 4*r - 76*f - 8 = -80*f, 5*r - 50 = 3*f. Determine g(r).
-10
Let m(b) = -14*b - 2. Let j(r) = -20*r - 3. Let v(f) = -5*j(f) + 7*m(f). Give v(6).
13
Let o(q) = q**2 - 6*q - 7. Suppose 84 = -7*v + v. Let x = 8 + v. Let k be 5 + (3 + x - -4). Determine o(k).
-7
Let q(a) = a**3 + 2*a**2 - a. Let m(y) = -2*y + 7. Let u = 129 - 124. Let g be m(u). Determine q(g).
-6
Let f(z) = 3*z**3 + 3*z**2 + 2*z + 3. Let j = 49 - 49. Let v be (-3 - 2/2)/(2 + j). Determine f(v).
-13
Let s(r) = -6*r**3 + r**2 + 3*r + 1. Let z be (-38 - -34) + -1 + 4. Give s(z).
5
Let d(u) = 94 + u**3 + 7*u**2 + 0*u**3 - 100 + 8*u. Let a be (-22)/4 - (-5)/(-30)*3. What is d(a)?
-18
Let x(p) = -p**2 - 5*p - 4. Let t be (-1 - (3 - 5)) + 3. Suppose 0*l = 2*l + 5*y - 27, y - 4 = l. Suppose t*u - l = -13. Calculate x(u).
2
Let n(p) = 87*p - 519. Let d be n(6). Let q(h) = -h**3 + 4*h**2 - 6*h - 3. What is q(d)?
-12
Let a = -319 - -326. Let q(p) = -9*p + 63. What is q(a)?
0
Let a(m) = -91*m**2 + 33*m**2 + 76*m**2 - 39*m + m**3 + 5 + 9. Determine a(-20).
-6
Suppose -5*a = -157 + 42. Suppose -l - 19 = 3*p, 4*p + 0*p - l = -a. Let u(z) = z - 6*z - 32 + 18 + 6*z + 11. Give u(p).
-9
Let g(b) be the first derivative of b**5/40 - b**3/3 + 1. Let l(c) be the third derivative of g(c). Let w = -43 + 45. Calculate l(w).
6
Let f(j) = 3*j**2 - 2*j - 1. Let q = -96 + 120. Suppose -q*s + 28*s = -4. What is f(s)?
4
Let u(j) = 12*j + 3. Let o(i) = i**2 - 17*i - 139. Let s be o(23). Calculate u(s).
-9
Suppose -2*z + 12 = 9*q - 4*q, 0 = 4*q + 3*z - 11. Let y be (1/6*q)/((-3)/27). Let p(u) = 4*u - 3*u**3 - 3*u**2 + 2*u**3 - 2*u + 3. Determine p(y).
-3
Let u(s) = -6*s**3 + 6*s**2 + 13*s + 2. Let h(r) = r**3 - r**2 - 3*r - 1. Let t(a) = 4*h(a) + u(a). Determine t(2).
-8
Let d(m) be the second derivative of m**7/1260 - m**6/720 - 13*m**4/12 - m**3/2 - 47*m. Let t(v) be the third derivative of d(v). What is t(-2)?
10
Let s(r) be the first derivative of -r**2 - 10*r - 1. Let t = 133 - 142. Let g be 51/(-7) - t/(441/14). Determine s(g).
4
Let x(j) = -j**3 - 3*j**2 - 6*j + 1. Suppose u + 9 = 3*q, -2*u - 5*q = -0*u - 4. Let g = u + 5. Let v(d) = d**3 - d**2 - 1. Let p(y) = g*v(y) + x(y). Give p(6).
-1
Let h be (-11)/((-330)/12) - 8/(-5). Let y(k) = -2*k**3 - 8*k**2 + 5*k - 2. Let p(z) = -z**3 - 8*z**2 + 6*z - 3. Let s(r) = h*y(r) - 3*p(r). Determine s(7).
-2
Suppose h - 7 + 1 = 2*k, -3*h = -k + 2. Let a(v) = -4*v**3 - v**2 + 6*v + 8. Let w(d) = -7*d**3 - 3*d**2 + 11*d + 15. Let j(q) = -5*a(q) + 3*w(q). Give j(k).
-7
Suppose 0 = 5*t - 10 + 20. Let l(y) = 4*y**2 - 2*y - 5*y**2 - 1 + 4*y**2 - 1. Give l(t).
14
Let u be 30/12*(-12)/5. Let n(i) = i**3 + 5*i**2 - 12*i + 2. Determine n(u).
38
Let r(f) be the first derivative of -3*f**2 + 52*f - 684. Give r(8).
4
Let l(w) be the third derivative of w**5/60 + w**4/12 - w**3/3 + 2*w**2 + 23*w. What is l(-5)?
13
Let r = 3 - 0. Let w(f) = -1 - 1 + 4 + r*f. Let j = 484 - 482. Determine w(j).
8
Suppose -185*m + 4 = 2*z - 181*m, 5*m = -3*z + 9. Let g(x) = -x + 1. Let k(n) = -n**2 + 4*n + 6. Let u(h) = 4*g(h) - k(h). What is u(z)?
-2
Let j(x) be the second derivative of 1/20*x**5 - 1/4*x**4 + 0 - 3/2*x**2 - 1/2*x**3 - 13*x. Suppose l = i + 6, 3*l - i - 2 - 12 = 0. Determine j(l).
1
Suppose -297 = 41*t - 51. Let o(z) = 2*z + 9. Determine o(t).
-3
Let m(s) be the first derivative of s**3/3 + 17*s**2/2 - 43*s - 143. Calculate m(-19).
-5
Let i(f) be the first derivative of f**4/4 - 2*f**3 + 3*f**2 + 3*f - 373. Suppose 4*p - 10 = 10. What is i(p)?
8
Let l(t) = -t**3 - 10*t**2 - 22*t + 7. Let s be l(-4). Let z(j) = j + 1. Determine z(s).
0
Let n(z) be the first derivative of z**5/30 + z**3/6 + 38*z**2 - 64. Let f(t) be the second derivative of n(t). Let b be 2/6 - 8/6. What is f(b)?
3
Let f = 1 + 0. Let o(u) = -3*u + 44. Let n be o(14). Let m(x) = 58*x - 5*x**2 - 59*x + 4*x**n. Determine m(f).
-2
Let g = 4 + -9. Let j(b) be the second derivative of b**6/360 + b**5/24 - b**4/6 - b**3/2 + 13*b. Let d(u) be the second derivative of j(u). What is d(g)?
-4
Let v(u) = u**3 + 6*u**2 + 4*u - 12. Let y(m) = -54*m + 427. Let d be y(8). Determine v(d).
-7
Let j = 157 + -156. Let w(x) = -j - 5 + x**2 + 1612*x - 1619*x. Give w(7).
-6
Let t(m) = m + 1. Let s be t(6). Let l(c) = -s*c + 3 - 3. Suppose f = -5*j - 46, 833*f - 836*f = -3*j - 24. Calculate l(f).
7
Suppose n + 14 = -3*g, 5*g + 32 - 8 = -2*n. Let a(t) = 12*t - 2*t + 3*t**2 + 1 + 2*t**3 - 7*t + 1. What is a(n)?
-8
Let j be ((-25)/(-2))/(3/(-6)). Let g = 32 + j. Let h(f) = f**3 - 7*f**2 - f + 10. What is h(g)?
3
Let r(a) = 2*a**2 - a. Let q(w) = -w + 15. Let i be q(14). Let g be r(i). Let x(m) = -8*m**3 + 2*m**2 - m. What is x(g)?
-7
Let s(b) be the third derivative of -b**5/10 + b**4/12 + b**3/6 - 27*b**2. Let l be (4/4)/(1 - 2). Determine s(l).
-7
Let r be (0 + -5 + 3)*-1. Let k(h) be the third derivative of -h**6/240 + h**5/40 + h**4/6 - h**2. Let s(b) be the second derivative of k(b). Calculate s(r).
-3
Let p(g) = 0 + 9 - 2*g**3 + g**3 + 3*g - 6*g**2. Let s(a) = 43*a + 2. Let o be s(-6). Let x be o/40 - (-2)/5. What is p(x)?
-9
Let z(i) be the first derivative of i**2 + 5*i + 73. Determine z(-7).
-9
Let r(a) = 14*a - 1. Suppose 30 = 5*o - 0. Suppose 5*v + x = o*x - 15, -3*v - 13 = -5*x. Calculate r(v).
-15
Let r = 3113 - 3108. Let s(g) = -11*g**2 + 12*g - 23. Let w(b) = -5*b**2 + 6*b - 11. Let u(f) = -4*s(f) + 9*w(f). What is u(r)?
-2
Let y(x) = 9*x**3 + 2*x**2 + 0 + 3 - 4. Let o(r) = 3*r**3 - r - 6. Let j be o(3). Let k = 71 - j. Determine y(k).
-8
Let k(h) = -41*h - 3 - 56*h + 107*h. Give k(-4).
-43
Let k(s) = s**3 + 9*s**2 - 3*s - 3. Let m(n) = 2*n - 21. Let q be m(6). Calculate k(q).
24
Let f(u) = u - 8. Suppose 58*b - 41*b - 68 = 0. Give f(b).
-4
Suppose 95 - 277 = 26*y. Let i be 2 + (2 + -4 - -3). Let f(m) = -1 + 0 + 6*m + m**i - 6 + 8*m**2. Give f(y).
0
Suppose -14*i + 10*i = -28. Let h be -1*12/i + 10/(-35). Let n(t) = -t**3 - 3*t**2 - 2*t. What is n(h)?
0
Let r = 3 - 6. Let t(y) = 9*y. Let w(x) = -25*x. Let g(p) = 11*t(p) + 4*w(p). What is g(r)?
3
Let v(m) = -9*m**2 - 8*m + 10. Let l(r) = 4*r**2 + 2*r - 5. Let a(h) = -5*l(h) - 2*v(h). What is a(6)?
-31
Let o be (-25)/(-10)*2/(-1). Let v = 10 + o. Let w(m) = m**3 - 5*m**2 - m + 3. What is w(v)?
-2
Suppose 3*a + 13 = j, 4*a + 30 = -j - 4*j. Let y be (1 - -16) + j + 3. Let l(c) = -9 - 6*c**2 - 9 + 1 + y. Determine l(-1).
-5
Let v(g) = 1 - 6 + 27 + g**2 + 3 + g. Give v(0).
25
Let f(a) = 3*a - 5. Let j(v) = 4*v**3 - 3*v**2 - 4*v - 2. Let w be j(-2). Let l = -63 - w. Let n be (-10)/l*10/1. Determine f(n).
7
Let c(i) = -14*i + 3*i + 9*i. Give c(-6).
12
Let r(w) = 28*w - 6 + 5*w - 41*w + 2*w - 5. Determine r(-1).
-5
Let n be 2*6*2/48. Let l(h) be the first derivative of 2*h + n*h**2 - 4. Calculate l(0).
2
Let b = 19 + 11. Let h = -32 + b. Let u be (-1)/h*(-1 + 9). Let x(c) = -c - 2. What is x(u)?